 0, 2*j = 4*r + 354. Let d = f + r. What is the units digit of d?
1
Suppose 5*u = -3*m + 800, 300 = m - 0*m - 5*u. What is the tens digit of m?
7
Let r(p) = 36*p + 21. What is the tens digit of r(4)?
6
Suppose -2*s - 2*w + 4 = 0, 0*s - s + 3*w = -22. What is the tens digit of -5 - (-280)/(-3 + s)?
6
Suppose i - 15 = -5*o, 3*i = 3*o - 8*o + 35. Let m(k) = k**3 - 7*k**2 - 8*k - 26. What is the units digit of m(i)?
4
What is the units digit of (-2 - 390/21)*4403/(-34)?
4
Suppose 4*f - 8*f = -12. Let c be 126/7 - (0 + f). Suppose c*w = 18*w - 87. What is the tens digit of w?
2
Let z = -463 + 771. Suppose 0*w - z = -4*w. What is the units digit of w?
7
Suppose 4*l + 78 - 62 = 0, -2*z + 1714 = 4*l. What is the hundreds digit of z?
8
Let f = -12 - -17. Suppose -9 = v + 4*r, f*v = 4*r - 0*r + 27. Suppose -v*x + x = -108. What is the units digit of x?
4
Let x(v) = -5*v + 5. Let u be x(-4). Let a = 5 - u. Let m = a - -30. What is the units digit of m?
0
Suppose -2*t + 74 = -2*s - 374, 2*s + 1129 = 5*t. Let z be t/4 - (-1)/4. Suppose z + 15 = 4*p. What is the tens digit of p?
1
Let l(k) = -k**2. Let n(y) = 2*y**2 - 16*y + 16. Let a(m) = -l(m) - n(m). What is the units digit of a(13)?
3
Suppose -1129 = -3*z - 2*x, 1056 + 450 = 4*z + 2*x. What is the units digit of z?
7
Suppose -5*s - 14970 = -20*s. What is the hundreds digit of s?
9
What is the units digit of 403 + (-8 + 7)*4?
9
Let h(w) = 25*w**2 + 7*w + 24. What is the tens digit of h(12)?
0
Let a(h) = h**2 + 6*h + 11. Let k be a(-5). Suppose 200 = k*o - 2*o - 4*m, 5*m - 20 = 0. What is the units digit of 144/o*(-6)/(-2)?
8
Suppose 3*t - 22 = n - 0*n, -2*t = n - 8. Suppose 0 = -t*j + 2*j + 156. What is the tens digit of j?
3
Let l(q) = q + 7. Let h be l(-9). Let p be h/(-6)*78/2. What is the units digit of (-16)/(-24)*(p + 2)?
0
Suppose -4*y + 280 = y. Let q = 71 - y. What is the units digit of q?
5
Let i = 1329 - 304. What is the units digit of i?
5
Let f(k) = -2*k**2 + 13. Let w be f(4). Suppose -3*c = -23 - 94. Let j = c + w. What is the tens digit of j?
2
Let o be -5*1*24/15. Let i be (-5 - o/(-4))/1. Let t = i + 15. What is the units digit of t?
8
Let d = -5 + 38. Let c = 13 - -7. Suppose -c = 4*s, -d - 32 = -5*z - 5*s. What is the units digit of z?
8
Suppose 0 = 1084*d - 1077*d - 25165. What is the thousands digit of d?
3
Let i(w) = -2*w**2 + 25 + 8*w - 7*w**2 + 7*w**3 - 7*w**3 - w**3. What is the units digit of i(-10)?
5
Let o(d) = -18*d**3 + 5*d**2 + 2*d + 1. Let y be o(-5). What is the units digit of y/12 + 1 + (-1)/6?
8
Suppose -4*s - 718 = -3*u + 1157, 1869 = 3*u - 2*s. What is the units digit of -1 - ((-64)/80 + u/(-5))?
4
Let g be (8/6)/(1/3 + -1). What is the tens digit of (615/(-10))/((-5)/2 - g)?
2
Let y(f) = 65*f**3 + f**2 - 1. Let p be 885/27 + (-10)/(-45). Let l = 34 - p. What is the tens digit of y(l)?
6
Let u(h) be the second derivative of h**3/6 - h**2/2 + 11*h. Let q be u(5). Suppose z - 5 = 0, 5*g - q*z = 82 + 113. What is the tens digit of g?
4
Let u(y) = 241*y - 93. What is the thousands digit of u(6)?
1
Let s(k) = -572*k**3 - k**2 + 2*k + 3. What is the tens digit of s(-1)?
7
Let f = -40 + 22. What is the tens digit of 42 - ((-40)/(-18) + 4/f)?
4
Let y = 43 - -100. What is the units digit of y?
3
Let v(y) = 15*y**2 - 6*y + 12. What is the tens digit of v(-6)?
8
Let g(l) = l**3 - 6*l**2 - 8*l + 4. Let z be g(7). Let w be (-2)/z - 12/18. Suppose w = 5*n - n - 72. What is the tens digit of n?
1
Let n(u) = -u**2 - 7*u - 4. Let v be n(-6). Suppose 15*h + 14*h = 32*h. What is the units digit of h + -3 + v + 51?
0
Let n = 38 - 28. Let z = n + -9. What is the units digit of (-20)/10*z/(-2)?
1
Let n(y) = -y**2 - 30*y + 44. What is the units digit of n(-25)?
9
Let j(n) = 74*n**2 + 35*n - 198. What is the thousands digit of j(7)?
3
Let h(s) be the third derivative of 3*s**5/5 + s**4/24 + s**3/6 - 5*s**2. What is the units digit of h(-1)?
6
Let o be (3 - (-9)/(-4))*8. Suppose -2 = -4*u + o. Suppose 0 = w - u - 17. What is the units digit of w?
9
Let p(b) = b**2 + 2*b - 4. Let u = -11 - -11. Suppose u = -2*j - j - 15. What is the tens digit of p(j)?
1
What is the tens digit of 11/((-11)/1) - -67*41?
4
Let d be (10/15)/((-1)/(-3)). Suppose -5*i - b + 2 = 0, -2*i + b + d*b = 6. Let v = i - -29. What is the units digit of v?
9
Let x(b) = b**3 + 23*b**2 + 9*b + 52. What is the thousands digit of x(-15)?
1
Suppose 6*f - 10*f = -168. Let o = f + -38. Suppose -3*a = 5*n - 220, -2*n = -o*a + 6*a - 88. What is the units digit of n?
4
Suppose 0 = 8*h - 127 - 385. Suppose h = 4*b - 92. What is the units digit of b?
9
Let f(q) = 10*q**2 - 11*q - 4. Let h be f(5). Let r = h + 112. What is the tens digit of r?
0
Let o be 28 - (-2 + 4 - -2). Let d be o/9 - (-1)/3. Suppose -3*g + 0*j - 5*j + 173 = 0, 203 = d*g - j. What is the units digit of g?
6
Let m = -14 - -18. Suppose 276 = 4*t - m*y, 5*y - 164 = -4*t + 94. What is the tens digit of t?
6
Let m = 3628 - 2466. What is the units digit of m?
2
Let k = 187 - 46. What is the tens digit of k?
4
Let a(p) = p + 14. Let k be a(-14). Suppose -8*m + 9*m - 2 = k. Suppose -m*y = 6, u + 0*y = -4*y + 14. What is the units digit of u?
6
Let n = -28 + 4. Let z = 33 + n. What is the units digit of z?
9
Let t(s) = 99*s + 2. Let f be t(2). Let k = f + -85. What is the hundreds digit of k?
1
Let g = -154 - -147. What is the units digit of 15/105 + (-174)/g?
5
Suppose -32*x - 15942 = -46374. What is the units digit of x?
1
Suppose -139*f + 138*f - 3*c = -3618, -4*f + 4*c = -14408. What is the thousands digit of f?
3
Let m(f) = f - 6. Let c be m(9). Suppose 0 = c*v - 142 + 7. What is the units digit of v?
5
Suppose 352 = c - i - 129, 1451 = 3*c - 5*i. What is the hundreds digit of c?
4
What is the tens digit of (-2072)/(21 - 13)*-2?
1
Let c(h) be the first derivative of 4 - 4*h + 1/2*h**2. What is the units digit of c(11)?
7
Let z(f) = -949*f + 10. What is the hundreds digit of z(-1)?
9
What is the hundreds digit of 4/(-20) + 4352/10?
4
Suppose 0 = -p + 2*f + 418 + 305, -2*p + 2*f + 1450 = 0. What is the tens digit of p?
2
Suppose 0 = 4*w - 5*r - 38 + 209, 2*r - 123 = 3*w. Let j(c) = -2*c - 1. Let o be j(0). What is the tens digit of -5 - w - (-1)/o?
3
Suppose -5649 = -6*u - 1497. What is the units digit of u?
2
Suppose -3*d + 5*n = -118, 4*n - 22 = -3*d + 51. What is the units digit of d?
1
Let a(z) = z**2 + 8*z - 13. Let c(w) = -3*w**2 + w - 1. Let q = -5 - -7. Let t be c(q). What is the tens digit of a(t)?
2
Let h = -11 + 16. Suppose h*k + 4*m - 599 = 0, 0 = 2*m - 3 + 1. What is the units digit of k?
9
Suppose -7*o - 1793 = -5188. What is the units digit of o?
5
Let h(w) = 149*w + 162. What is the hundreds digit of h(7)?
2
Suppose 5*o + 43 = -12. What is the hundreds digit of 1/(2/204) - (o - -11)?
1
Let x be 9/(-12) - (-1 - 2961/12). Let y = x + -43. What is the tens digit of y?
0
Let s(t) = 12*t**2 - 1. Let w be s(-1). Let b(h) = -3*h + 17. Let v be b(w). Let o = v - -65. What is the units digit of o?
9
Let f(d) = d**3 + 8*d**2 - 8*d + 16. What is the units digit of f(6)?
2
Let m be (963/12)/((-1)/(-12)). What is the hundreds digit of m/4 - 5/(-20)?
2
Suppose 67 = 4*y + 7. Suppose 3*a = -y, 4*g = 2*a - a + 341. What is the units digit of g?
4
Suppose -3*x - 4*p = -p - 27, -x - 4*p = -24. Suppose x*m - m = 282. What is the units digit of m?
4
Suppose -10*y + 287 + 533 = 0. What is the tens digit of y?
8
Let x = 383 + -760. Let t = -845 + x. What is the units digit of (-3)/7 + t/(-91)?
3
What is the tens digit of 2 - 5/(-5) - (-1332)/3?
4
Suppose 2*v - 1 = 3*v. Let o be (-4)/6*(-2 + v). Suppose 2*w + 130 = o*f - 0*w, -250 = -4*f + 2*w. What is the units digit of f?
0
Let r(c) = c**3 + 11*c**2 - 13*c + 4. Let u be r(-12). Let s = u + -13. Suppose -s*d + 35 = w, -w + 4*d - 132 = -5*w. What is the tens digit of w?
3
Suppose 17 = 6*r + 65. What is the tens digit of -81*(8/3)/r?
2
Let g be (3/(-9))/(3/(-126)). Suppose -z + 6 = g. What is the units digit of 2/(z/(-140)) + 2?
7
Let j be (-3)/(1 - (-4)/(-16)). Let n = 9 + j. Suppose -4*p + 3*m = n*m - 128, -p = -4*m - 41. What is the tens digit of p?
3
Suppose 42 = 4*s - 7*s. Let v(o) = o**2 + o - 7. Let z be v(s). Suppose 0 = -0*j - 4*j - 5*m + 169, m + z = 5*j. What is the tens digit of j?
3
Let h = 1355 + -338. What is t